ase 4) to base 10.
-8
What is -15 (base 13) in base 9?
-20
51 (base 7) to base 9
40
-1 (base 7) to base 8
-1
What is -10 (base 3) in base 13?
-3
Convert -17 (base 8) to base 9.
-16
Convert b (base 13) to base 2.
1011
Convert -11 (base 15) to base 7.
-22
Convert 10 (base 5) to base 6.
5
What is -7 (base 15) in base 5?
-12
What is -51 (base 9) in base 6?
-114
-57 (base 11) to base 5
-222
What is -79 (base 13) in base 6?
-244
What is 264 (base 12) in base 4?
11230
What is 88 (base 14) in base 10?
120
What is 2 (base 10) in base 4?
2
What is 10111 (base 2) in base 7?
32
What is -9 (base 13) in base 8?
-11
What is -231 (base 5) in base 14?
-4a
4 (base 8) to base 7
4
Convert 1320 (base 4) to base 5.
440
3 (base 9) to base 4
3
Convert -121 (base 9) to base 16.
-64
-106 (base 7) to base 4
-313
-1 (base 16) to base 7
-1
What is -1 (base 5) in base 15?
-1
What is -32 (base 9) in base 8?
-35
What is 3 (base 5) in base 15?
3
Convert 12 (base 4) to base 6.
10
Convert -133 (base 9) to base 4.
-1233
2 (base 12) to base 8
2
Convert 121 (base 3) to base 2.
10000
-11 (base 3) to base 13
-4
What is -1001 (base 2) in base 3?
-100
-2 (base 15) to base 16
-2
Convert -4 (base 7) to base 8.
-4
161 (base 7) to base 13
71
-13 (base 8) to base 16
-b
What is 1 (base 7) in base 9?
1
Convert -13 (base 14) to base 13.
-14
What is c (base 13) in base 5?
22
What is 0 (base 8) in base 14?
0
What is 25 (base 10) in base 2?
11001
What is -52 (base 10) in base 7?
-103
What is 66 (base 16) in base 14?
74
Convert -5 (base 11) to base 2.
-101
201 (base 4) to base 12
29
340 (base 8) to base 3
22022
-3 (base 5) to base 14
-3
Convert 3 (base 13) to base 10.
3
Convert -10 (base 11) to base 4.
-23
Convert 7 (base 11) to base 9.
7
What is 10 (base 5) in base 11?
5
-10110101 (base 2) to base 12
-131
What is -101 (base 7) in base 4?
-302
What is -3 (base 7) in base 6?
-3
Convert 212 (base 5) to base 11.
52
-203 (base 6) to base 9
-83
Convert -14 (base 12) to base 9.
-17
What is 3 (base 11) in base 10?
3
What is -5 (base 12) in base 9?
-5
-7 (base 16) to base 13
-7
15 (base 6) to base 9
12
What is -11 (base 8) in base 9?
-10
Convert -9a (base 13) to base 16.
-7f
2d (base 14) to base 13
32
Convert 15 (base 12) to base 15.
12
4 (base 6) to base 14
4
What is -2 (base 5) in base 4?
-2
Convert 28 (base 9) to base 12.
22
46 (base 10) to base 5
141
What is 42 (base 8) in base 12?
2a
Convert 332 (base 4) to base 13.
4a
-230 (base 5) to base 16
-41
4 (base 7) to base 5
4
Convert 0 (base 15) to base 5.
0
168 (base 13) to base 4
3333
262 (base 8) to base 5
1203
Convert 313 (base 10) to base 15.
15d
What is 141 (base 5) in base 10?
46
What is -1132 (base 4) in base 15?
-64
What is -1 (base 3) in base 4?
-1
What is -45 (base 11) in base 2?
-110001
Convert -27 (base 9) to base 12.
-21
Convert 2 (base 10) to base 3.
2
-3 (base 4) to base 6
-3
Convert 175 (base 11) to base 4.
3023
Convert 1 (base 8) to base 2.
1
What is 11 (base 8) in base 7?
12
22 (base 4) to base 7
13
What is 120 (base 8) in base 16?
50
What is -23 (base 7) in base 11?
-16
-444 (base 6) to base 12
-124
Convert 11 (base 15) to base 2.
10000
What is 6 (base 9) in base 8?
6
Convert f9 (base 16) to base 7.
504
Convert 10 (base 5) to base 2.
101
What is 254 (base 6) in base 3?
10221
1 (base 5) to base 10
1
Convert 40 (base 5) to base 15.
15
-1 (base 7) to base 3
-1
What is -11000 (base 2) in base 15?
-19
What is 13 (base 5) in base 8?
10
What is 27 (base 16) in base 12?
33
-45 (base 6) to base 14
-21
-11 (base 11) to base 12
-10
-1 (base 14) to base 13
-1
Convert -149 (base 10) to base 11.
-126
What is 0 (base 7) in base 12?
0
What is 143 (base 16) in base 11?
274
4 (base 14) to base 7
4
What is -254 (base 7) in base 4?
-2021
What is -29 (base 12) in base 11?
-30
Convert -7 (base 9) to base 2.
-111
Convert -b2 (base 15) to base 13.
-cb
-3 (base 6) to base 16
-3
Convert 10220 (base 3) to base 5.
410
Convert 2 (base 6) to base 14.
2
What is -154 (base 8) in base 15?
-73
What is -5 (base 12) in base 6?
-5
Convert -14 (base 13) to base 9.
-18
10 (base 4) to base 15
4
Convert -14 (base 7) to base 13.
-b
Convert 1 (base 10) to base 2.
1
-52 (base 9) to base 5
-142
Convert 45 (base 6) to base 9.
32
-3 (base 14) to base 8
-3
Convert 12 (base 3) to base 4.
11
-3 (base 12) to base 2
-11
-2 (base 16) to base 5
-2
What is -1002 (base 3) in base 2?
-11101
What is -10 (base 9) in base 13?
-9
Convert -10 (base 5) to base 16.
-5
Convert 30 (base 5) to base 15.
10
What is -2 (base 8) in base 11?
-2
Convert 4 (base 8) to base 12.
4
What is -2 (base 8) in base 11?
-2
What is 1 (base 8) in base 15?
1
What is 38 (base 14) in base 10?
50
464 (base 8) to base 7
620
What is -1 (base 14) in base 10?
-1
232 (base 5) to base 7
124
What is -2 (base 10) in base 6?
-2
What is -87 (base 14) in base 5?
-434
Convert 100 (base 2) to base 5.
4
Convert -100 (base 2) to base 5.
-4
What is 1011100 (base 2) in base 6?
232
-7 (base 15) to base 10
-7
Convert -140 (base 6) to base 12.
-50
Convert -61 (base 12) to base 5.
-243
28 (base 13) to base 4
202
Convert 115 (base 6) to base 12.
3b
Convert -1 (base 4) to base 10.
-1
-101 (base 2) to base 15
-5
What is 194 (base 10) in base 3?
21012
Convert -1 (base 6) to base 3.
-1
Convert -220 (base 3) to base 5.
-44
6 (base 13) to base 11
6
-11 (base 12) to base 16
-d
What is -3 (base 9) in base 11?
-3
75 (base 16) to base 11
a7
c (base 14) to base 8
14
12 (base 14) to base 12
14
What is -3 (base 8) in base 9?
-3
Convert 0 (base 2) to base 8.
0
6 (base 13) to base 10
6
Convert -101 (base 3) to base 15.
-a
-13 (base 8) to base 5
-21
What is -60 (base 8) in base 7?
-66
What is -9 (base 13) in base 12?
-9
Convert 160 (base 7) to base 8.
133
What is 20 (base 8) in base 10?
16
What is 101001100 (base 2) in base 8?
514
Convert -8 (base 15) to base 4.
-20
What is 1 (base 6) in base 3?
1
What is -1 (base 11) in base 16?
-1
32 (base 15) to base 2
101111
What is -30 (base 7) in base 9?
-23
Convert -310 (base 4) to base 9.
-57
Convert -42 (base 5) to base 15.
-17
Convert 0 (base 7) to base 3.
0
Convert -2 (base 12) to base 2.
-10
6 (base 8) to base 5
11
13 (base 7) to base 10
10
-353 (base 6) to base 10
-141
Convert 9 (base 14) to base 4.
21
-c (base 13) to base 11
-11
What is 33 (base 11) in base 5?
121
Convert -c0 (base 13) to base 4.
-2130
Convert -239 (base 10) to base 16.
-ef
What is 37 (base 16) in base 5?
210
What is 55 (base 8) in base 12?
39
Convert 100 (base 3) to base 14.
9
117 (base 8) to base 7
142
10 (base 14) to base 13
11
Convert 3 (base 13) to base 10.
3
Convert 1 (base 9) to base 14.
1
-3 (base 15) to base 11
-3
3 (base 11) to base 9
3
1 (base 11) to base 8
1
220 (base 3) to base 13
1b
-100 (base 4) to base 3
-121
What is -41 (base 11) in base 2?
-101101
What is -2 (base 10) in base 2?
-10
What is -6a (base 14) in base 5?
-334
Convert 203 (base 4) to base 10.
35
Convert 100100 (base 2) to base 4.
210
What is 5 (base 11) in base 6?
5
What is 59 (base 14) in base 11?
72
Convert ea (base 15) to base 13.
13c
Convert -100011 (base 2) to base 15.
-25
What is 1 (base 12) in base 5?
1
1010 (base 2) to base 13
a
What is 73 (base 9) in base 4?
1002
What is -b (base 14) in base 10?
-11
2 (base 7) to base 10
2
1 (base 16) to base 4
1
Convert 17 (base 10) to base 12.
15
What is 6 (base 11) in base 10?
6
Convert -4 (base 12) to base 2.
-100
f (base 16) to base 6
23
-2e (base 16) to base 9
-51
Convert 2 (base 9) to base 10.
2
What is -1 (base 9) in base 7?
-1
-12 (base 5) to base 10
-7
What is 0 (base 9) in base 11?
0
-101101 (base 2) to base 16
-2d
What is 0 (base 16) in base 5?
0
What is 7 (base 13) in base 6?
11
What is -3 (base 6) in base 14?
-3
What is 1 (base 5) in base 6?
1
What is 1a (base 14) in base 10?
24
2 (base 9) to base 16
2
What is 5 (base 7) in base 2?
101
3a (base 11) to base 12
37
What is -10 (base 11) in base 13?
-b
What is 7 (base 12) in base 10?
7
Convert -4 (base 13) to base 11.
-4
Convert -41 (base 5) to base 14.
-17
10020 (base 3) to base 7
153
-1 (base 13) to base 10
-1
Convert -11c (base 13) to base 2.
-11000010
What is 1 (base 11) in base 16?
1
-4 (base 13) to base 8
-4
What is 0 (base 14) in base 15?
0
111100 (base 2) to base 4
330
-16 (base 9) to base 6
-23
Convert 0 (base 8) to base 15.
0
3 (base 4) to base 11
3
Con